1050 + 1238979. Is q prime?
True
Let d = 508257 - 250688. Is d a composite number?
True
Let p be 3 + 2*12/(-8). Let q be p - (8/32 + (-34)/8). Suppose q*v = -4*j + 1080, 5*j + 2*v + 292 = 1633. Is j prime?
False
Let b = -18 - -10. Let x be 1/2*(3 + -1)*b. Is 79*2*(-4 - 36/x) a composite number?
False
Suppose -35 = -z - z - 5*f, -z = -f. Is (-1375950)/250*z/(-3) prime?
True
Suppose -2 = -5*v - 3*j - 4, -5*v + 2*j = -18. Suppose 6*h = v*h + 4768. Suppose -12*n + h = -8*n. Is n a prime number?
False
Is (-11728908)/(-19) + (5/95 - 0) a prime number?
True
Let q be 48/6 + -5 + 10*4. Suppose -2*z + x + 2*x + 17 = 0, 0 = -z + 2*x + 11. Is (0/z)/1 + q prime?
True
Let m(l) = -l**2 + 11*l + 17. Let t be m(9). Let g be (t/(-21))/((-1)/3). Suppose -g*v = -3*v - 236. Is v prime?
False
Suppose -3*x = t - 4*x - 213749, -t + 213737 = -7*x. Is t composite?
False
Suppose -5*n - u + 160 = -n, -140 = -4*n + 4*u. Let z = n - 34. Suppose 0*v - 5*r - 935 = -z*v, 2*v + 5*r - 402 = 0. Is v composite?
False
Let m(t) = 52*t**2 - 4*t - 1. Let a = 57 + -28. Suppose -3*n = -5*o + 24, -5*o = -n - a + 11. Is m(n) prime?
True
Suppose -2*c = t + 6 - 41, 3*c - 189 = -5*t. Is 5187 + (-972)/234 + 6/t composite?
True
Let y(n) = 102*n**2 - 84*n + 421. Is y(38) a prime number?
False
Suppose -6*v + 5*v - 5623 = x, -2*v + 28087 = -5*x. Let t = -3724 - x. Is t composite?
True
Suppose -5*a = -190939 - 87826. Is a a prime number?
False
Suppose 27*l = 28*l - 5. Suppose 3*n - 30718 = l*i, 0 = 5*n - 2*n + i - 30688. Is n composite?
True
Suppose -685078 = -23*s + 1566517 + 1314026. Is s a prime number?
True
Let z = 119 - 119. Suppose -1 = 8*t - 17. Suppose t*s - 430 - 212 = z. Is s composite?
True
Let h = 54453 + 48934. Is h a prime number?
True
Suppose p - 2*p = 715155. Is p/(-63) - (-2)/(-3) a composite number?
False
Let v = 22124 - -64553. Is v a composite number?
False
Suppose 18258102 - 2632972 = 98*p + 1674144. Is p composite?
False
Let q = 13 + -9. Let u = -1148 + 2428. Suppose 5*v - u = -5*k, v + k - 1272 = -q*v. Is v a composite number?
True
Let h(u) = -166*u**3 + 10*u**2 - 32*u - 25. Is h(-12) a prime number?
True
Suppose 5*j - 164386 - 306476 = -90967. Is j a composite number?
False
Suppose 4*u = 3*m + 34, u + 0 = 2*m + 21. Is (-5)/(125/m) + (-72826)/(-10) a composite number?
False
Let s(r) = -r**2 - 32*r - 50. Let c be s(-30). Is (236/c)/(78/2535) prime?
False
Suppose 4*w - 85650 = 14*w. Let j = w + 30992. Is j a prime number?
False
Let w(r) be the second derivative of -r**4/12 - 3*r**3 - 2*r**2 + 37*r. Let n be w(-6). Suppose 66*z - n*z + 3434 = 0. Is z prime?
False
Let l = 585123 - 303334. Is l a prime number?
False
Let h(c) = -2*c - 3. Let s be h(0). Let b(j) = -3*j**2 - 12*j - 4. Let d be b(s). Is 5664 - -4*d/(-20) prime?
False
Let w(f) = -3*f**3 - 8*f**2 + 6*f + 9. Let i be w(-6). Suppose -5*h + 656 = -3*q, -9*q + 12*q = 2*h - 671. Let m = i + q. Is m a prime number?
False
Let z = 780 + -261. Suppose -1484 = -k + z. Is k prime?
True
Suppose 31 + 9 = 4*k. Let y(w) = -33 - k*w + w - 15*w - 1. Is y(-15) a composite number?
True
Let s = -69855 - -177678. Suppose s - 6232 = 23*o. Is o a prime number?
False
Suppose 46*l - 3822628 = 2480706. Is l prime?
True
Let v(j) = 357718*j**2 + 47*j - 8. Is v(1) prime?
False
Let d = 13 + 20. Let s = d + -57. Is (3/s*-586)/((-2)/(-8)) a prime number?
True
Let p(z) be the first derivative of z**6/180 - 7*z**5/24 + 5*z**4/24 + 7*z**3 - 12. Let r(u) be the third derivative of p(u). Is r(24) a composite number?
False
Suppose -581 = -5*v - 2*v. Suppose -4*i - v = -455. Suppose 0 = -2*h + i + 565. Is h a composite number?
True
Let n(l) be the first derivative of 10*l**2 - 8 - 3 - 6*l - 8*l + 2. Is n(6) prime?
False
Let s(c) = 3*c**3 + 6*c**2 + 2*c + 8. Let k(i) = 10*i**2 + 4*i + 3. Let p be k(-2). Suppose 0 = -5*u - p + 70. Is s(u) composite?
True
Suppose -8*z + 448 = 6*z. Suppose -z = -5*u + 8. Suppose -1070 - 7386 = -u*g. Is g prime?
False
Is (-7 - 90)*(-1718 - 3) composite?
True
Let a(y) be the first derivative of 1552*y**2 + 79*y - 47. Is a(3) prime?
True
Let b = -130 - -130. Suppose -g + 0 + 2 = b. Suppose 2*s - 4*z + g*z = 534, -2*s + 546 = -5*z. Is s a prime number?
True
Suppose -4*p = 3*w - 1761, 3*p + 3*w + 867 = 5*p. Suppose 0 = 5*m - 0*m - 3185. Let l = m - p. Is l composite?
False
Suppose 523264 - 19812 = 4*g. Is g a composite number?
False
Suppose -s - 2*w = -5*s - 10, 4*s = 3*w - 15. Suppose 9 = -s*g + g. Suppose -7*n = -g*n + 710. Is n prime?
False
Suppose -5*p = 5*r - 128145 - 490065, 0 = p - 4*r - 123647. Is p prime?
False
Suppose -5*q + 29 = 2*c, -7*q - 3*c + 31 = -2*q. Is (-14)/(-35) - (-2133)/q a composite number?
True
Is (-4)/(-34) + (-1175629695)/(-2465) prime?
True
Is 2506 - (-5 - (-9 - -1)) composite?
False
Let q be 6/(-4) + 25/10. Let d(i) = -q - 18 - 21*i - 75*i. Is d(-3) a composite number?
False
Let g be ((-2546)/(-4) + 2)*32/(-16). Let m = 2772 - g. Is m a prime number?
True
Suppose 0 = -451*h + 463*h - 4046263 - 664613. Is h a composite number?
True
Let p(a) = -12710*a - 91. Is p(-3) a composite number?
False
Let l(d) = d**3 - 36*d**2 + 80*d - 11. Let y be l(33). Let c = 1173 + y. Is c prime?
False
Let q(s) = 2*s**3 + 6*s - 4. Let c be q(6). Let h(m) = m**2 + 4*m + 24. Let u be h(-17). Let f = c - u. Is f prime?
False
Suppose -t - 585 = 2*v + 2*v, -2*t = -2*v + 1200. Let i = t + 2140. Is i prime?
True
Let j(n) = 40*n**2 + 7*n + 9. Let m be j(4). Let k = m + 70. Suppose 5*d - 2*d = k. Is d prime?
False
Let c = -61 - -63. Suppose 0 = c*o - x - 32583, -6*o + 2*o + 4*x + 65160 = 0. Is o prime?
False
Let w(v) = v**3 - 18*v**2 - 107*v - 105. Is w(44) a composite number?
False
Let i(u) = 41*u**2 - 6*u. Let v(o) = -8*o**2 + o. Let g(n) = 4*i(n) + 22*v(n). Let l be g(2). Let x = l + 65. Is x composite?
False
Let g(p) = 105*p**2 + 5*p + 11. Let u(m) = 6*m**2 + 3*m - 3. Let l be u(1). Is g(l) a composite number?
False
Let v(t) = t**2 + 21*t + 5. Let m be v(-21). Suppose -1596 = -m*f - 9046. Is f/4*4/(-5) a composite number?
True
Let f(o) = 135*o**3 + 12*o**2 - 42*o - 20. Is f(3) a prime number?
True
Let l(q) = -13*q**2 - 9*q + 53. Let t be l(9). Let b = -544 - t. Is b a prime number?
False
Suppose -3*z + 16 = 5*b, 0*b + 2*b + 5*z - 14 = 0. Let j be 456/(-2) - (b + 2). Let m = j + 423. Is m a prime number?
True
Is (48956/(-12) - 4)*(52 + -55) a composite number?
False
Let h(q) = 14*q**3 - 3*q**2 - 7*q - 6. Let o be h(-5). Suppose -17 - 1137 = 2*x. Let u = x - o. Is u prime?
False
Suppose -59*v = -53*v - 36084. Suppose -v = -3*a + 4207. Is a a prime number?
True
Let s = -96 - -102. Suppose 45565 = s*o + 4621. Suppose -o = -11*q + 3*q. Is q a composite number?
False
Let a(o) be the second derivative of o**4/6 - o**3/6 - 39*o**2/2 + 11*o. Let x = 2 - 22. Is a(x) a prime number?
False
Let u(g) = 54*g**2 + 21*g + 5. Let z be u(-4). Suppose -o - 86 = -z. Suppose 3*s - 8*s - 2*x = -o, -s + 2*x + 135 = 0. Is s a composite number?
False
Let d(n) = -4*n**2 + 9*n - 7. Let y be d(6). Let h = -205 + -159. Let x = y - h. Is x a composite number?
True
Let g(w) = 2076*w + 103. Let i be g(12). Suppose 63*a = 58*a + i. Is a a composite number?
False
Is 124414056/195 - (-33)/15 composite?
False
Suppose b + 0*b - 4*o - 663 = 0, 0 = -3*b - 2*o + 1933. Let q = 594 + b. Is q composite?
True
Let x(p) = 1073*p + 310. Let o be x(12). Let l = 18813 - o. Is l composite?
True
Is (25 + -27)*8743/2*-1 composite?
True
Suppose 35*o - 439721 - 2664677 = -11133. Is o a composite number?
False
Let j(g) = -4*g - 16. Let i be j(-5). Suppose -i*n + a + 29372 = 0, -n - 4*a = -2*a - 7334. Suppose 5*r = -1957 + n. Is r prime?
False
Let m(i) = i**3 + i**2 + 5*i + 2. Let r be m(0). Let p(s) = -19*s**r - 21*s**3 - 17*s**3 + 21 + 35*s**3 - 2*s. Is p(-10) a composite number?
True
Suppose -h - 176943 = -5*p + 37546, 0 = -11*p - 3*h + 471907. Is p a prime number?
True
Is -1 + 10/4 + (-63430)/(-4) composite?
False
Let m(q) = 4800*q**2 + 14*q - 159. Is m(-10) a composite number?
False
Suppose -34*f = -21*f + 21*f - 2912542. Is f a composite number?
True
Suppose 3*x = -4*f + 51, 0 = 3*f - 5*f + 2*x + 22. Suppose 0 = -f*v + 98 + 4666. Is v a composite number?
False
Let p(z) = -131*z**3 - 6*z**2 + 32*z + 131. Is p(-10) a composite number?
False
Suppose 0 = w - 2 - 2. Suppose -2*m =